e of r**3/3 - 6*r**2 + 22*r - 1915. Calculate j(10).
2
Let j(h) = h**3 + 2*h**2 + h + 13. Suppose 4*l + 12 = 0, 20*l - 22*l = -r + 2. What is j(r)?
-23
Let q be (-3 - -1)/(-6)*6. Let m(g) = 2*g**3 - 11*g**2 - 9*g + 3. Let l be m(6). Let r be (12/10)/(l/(-100)*q). Let d(h) = 3*h. Give d(r).
12
Let z(g) = -18*g - 190. Let o = -12610 + 12599. Determine z(o).
8
Let u(y) = -3*y**2 - 2*y**2 + 5 - 25*y**3 + 6*y - 12*y**3 + 2*y**2 + 36*y**3. Determine u(-4).
-3
Suppose -16*t = -t - 180. Suppose o = 5*l + 3, l + t = -14*o + 18*o. Let a(x) = -x**2 - x - 12. What is a(l)?
-12
Let g(b) = 2*b**2 + 92*b + 990. Let f be g(-17). Let p(a) = -a**3 + 6*a**2 - a + 5. Calculate p(f).
33
Let j(k) = 6*k - 2. Suppose 2*x - 2*h = x + 24, 0 = -h + 2. Let t(q) = q**2 - 4*q. Let p be t(5). Suppose 4*f + 9 + 9 = -l, 0 = -4*l - p*f - x. What is j(l)?
-14
Let r(o) be the third derivative of -7*o**4/24 + 3*o**3/2 - 20*o**2 - 5*o - 11. What is r(-16)?
121
Let q(h) = h**2 + 3*h - 1. Suppose -2*t + 6 = 2*a, 0 = -25*a + 20*a + 4*t + 42. Let p(d) = 5*d**2 + 33*d - 31. Let l(r) = a*q(r) - p(r). Determine l(12).
-11
Let t be (3/(-8))/(267/(-356))*22/1. Let j(i) = 4*i - 40. Give j(t).
4
Suppose -444*b + 4*m + 16 = -446*b, 2*m = b - 16. Let p(g) be the first derivative of -5*g**2/2 + 6*g - 2. What is p(b)?
-14
Let i(a) = -a**3 - 3*a**2 + 7*a + 9. Let d = 4223 - 4227. Give i(d).
-3
Let v(i) = -i**2 - 4*i - 8. Let d = -4 - 2. What is v(d)?
-20
Let v(r) = 699*r**2 + 30*r + 5. Let y(x) = 419*x**2 + 16*x + 3. Let j(f) = -3*v(f) + 5*y(f). Let o = -2 - 4. What is j(o)?
-12
Let n(b) = -15*b**2 + 3*b + 23. Let x(r) = -34*r**2 + 6*r + 46. Let f(l) = 7*n(l) - 3*x(l). Calculate f(7).
-103
Let f(q) = -q**3 + 10*q**2 + 12*q - 22. Let c = -6611 + 6622. What is f(c)?
-11
Let f(l) = l. Let v = 138 + -70. Suppose 25 = -5*i - d + v, -3*i + 15 = -3*d. Determine f(i).
8
Let l(z) be the second derivative of -2*z + 2*z**2 + 0*z**3 - 3 - 1/12*z**4. Let m(j) = -j**3 - j**2 - j + 3. Let q be m(0). What is l(q)?
-5
Let w(d) = -d**3 - 7*d**2 - 6*d + 5. Let n = -882 + 1302. Let b be n/(-245)*7/2. Calculate w(b).
5
Let m(b) = b**2 - 15*b - 16. Let i be m(16). Let j(k) be the second derivative of -5 + 1/6*k**3 + 3*k - 5/2*k**2. Give j(i).
-5
Suppose 20*r - 39 = 7*r. Let p(t) = 2*t + 3 + 1 + 4*t**3 - 15*t**r - 3*t**2 + 9*t**3. Let w be p(-2). Let i(h) = -h**2 + 4*h + 2. What is i(w)?
2
Let w(r) be the third derivative of r**5/60 + 11*r**4/24 + 7*r**3/2 + r**2 - 59. What is w(-6)?
-9
Let i be (5*(-6)/5)/((-10)/(-5)). Let s(a) be the first derivative of -a**4/4 - 2*a**3/3 + a**2/2 + 4*a + 3. Calculate s(i).
10
Let r(y) = -y**2 + y + 1. Let k be (-13)/((-13)/38)*6/(-4). Let j = 55 + k. Give r(j).
-5
Suppose x + 4 = 17. Suppose -4*y - g + 8 = 0, 3*g = -0*y - y + x. Let m(f) = -9*f**2 - f + 1. What is m(y)?
-9
Let u(n) = 5*n - 35*n**2 - 3 + 2 + 34*n**2 + 2. Let x = 59 - 54. Determine u(x).
1
Suppose 19*v - 20*v = -8. Let u = 238 + 740. Let n(f) = v + 978*f - u*f - f**2. Calculate n(0).
8
Let i(l) = -39*l + 95. Let t be 4 - (3/(-9))/((14/(-6))/7). What is i(t)?
-22
Let f be 66/10 + (1675/125 - 12). Let p(c) = 6*c - 49. What is p(f)?
-1
Suppose -k + 2*a = -1, -3*a + 16 = -k + 3*k. Let o = 325 - 205. Let c(z) = -364*z + 124*z + o*z + 118*z + 7. Give c(k).
-3
Let c be (3/6)/(1*1/6). Suppose -2*i + 20 = c*v, -3*i + 13 + 17 = 4*v. Let p(q) = -q - 10*q**2 + 19*q**2 - i*q**2 + 0*q - 2. Determine p(-3).
-8
Let j(c) be the third derivative of 0 + 17*c**2 + 5/24*c**4 + 1/3*c**3 + 0*c. Calculate j(-2).
-8
Let b(k) = k**2 + 7*k - 7. Suppose -11*v = -22*v + 132. Suppose -v = 18*a - 16*a. Give b(a).
-13
Let r(x) = 2*x + 29. Let v be r(-13). Suppose -v*y - 7 = -2*y - 2*h, 5*y - 4*h = -5. Let o(d) = d - y*d + 1 + 2*d + d. Calculate o(0).
1
Let d(w) = 5*w + 14. Suppose 58*l - 4*g = 63*l + 23, -2*g + 6 = 0. What is d(l)?
-21
Let v be ((-56)/(-24))/(13/(-39)). Let j(o) = o**2 + 5*o - 15. What is j(v)?
-1
Let a(b) = b**2 + 8*b - 9. Let i(f) = f**2 - 14*f + 25. Let g(x) = 3*x + 2. Let o be g(3). Let h be i(o). Calculate a(h).
-9
Let r(j) = -5*j - 7. Let m be 1 + -6 + -1*(-3 - -4). Let i be (4/m)/(24/(-108)). Determine r(i).
-22
Let q(c) = 5*c**2 + 122*c + 51. Suppose 0 = -13*a - 213 - 105 + 6. Calculate q(a).
3
Let n(c) = -c**3 + 6*c**2 + 7*c. Suppose 0*x - 205 = -3*v - 2*x, -5*v = -3*x - 310. Let z be (v/2 + 0)*-2. Let u = -58 - z. Give n(u).
0
Let z(f) = 1 - 2*f**3 - 380*f**2 + 8*f + 386*f**2 + 0*f - 11. Determine z(4).
-10
Let k(s) = s**3 + 4. Let t(m) = -2*m**3 + 18*m**2 - 24*m + 61. Let d be t(8). What is k(d)?
-23
Let v be (4/12)/((-2)/6). Let m be (6 + v)/((-1)/(-3)). Let a(f) = -6*f**2 - m*f + 14 + f**3 + 5*f - 4. Determine a(7).
-11
Suppose 2*s + s + 18 = 0. Let h(j) be the first derivative of -j**3/3 - 9*j**2/2 - 9*j + 10207. Calculate h(s).
9
Let f(s) = 6*s**2 + s - 10. Let x be f(7). Suppose -x = 2*c + c. Let b = c - -97. Let g(i) = -i - 12. Determine g(b).
-12
Let x(c) = -c**2 - 7*c - 7. Let h(p) = -2*p**2 - 14*p - 15. Let b(m) = 4*h(m) - 9*x(m). Let f(t) = -54*t - 762. Let j be f(-14). What is b(j)?
-3
Let d(h) = 6*h + 59. Let y(c) = -c - 12. Let a(g) = -g**2 - 8*g + 117. Let l be a(-16). Suppose -4 = i - 2. Let z(u) = i*d(u) + l*y(u). Determine z(0).
14
Let l(k) be the first derivative of -2*k**2 - 49*k + 5919. What is l(-13)?
3
Let g(m) = -140*m - 12029. Let u be g(-86). Let f(x) = -2*x**3 + 19*x**2 + 34*x - 6. What is f(u)?
5
Suppose -o = -3*c + 16 - 5, -c + 17 = -3*o. Let t(m) = 4*m**c + m**3 + 4*m + 77 + 79 - 153 + m**2. Suppose 0 = -4*u + 2*u - 10. What is t(u)?
-17
Let z(m) = 45*m + 135. Let f be z(9). Let j = f + -534. Let d(t) be the third derivative of -t**5/60 + t**4/12 - t**3/2 + t**2. Determine d(j).
-27
Let g be (23 + (-1032)/48)*(1 - -1). Let i(j) be the second derivative of -1/6*j**4 + 0 + 4*j - j**5 + 1/2*j**2 + 0*j**g. Give i(1).
-21
Let m(f) = -f**3 + 9*f**2 - f + 10. Suppose 0 = 5*j - 64 + 44. Suppose -7*x + 4*x = -g - 22, j*g - 29 = -x. Give m(x).
1
Let r(j) = -j**3 - 4*j**2 + 5*j + 15. Let g be ((-3)/3 - (21 + 72/(-6))) + 5. What is r(g)?
15
Let a be (-60)/(-50)*15/2. Suppose 0 = 2*i - 2 - 6. Let l(f) = i*f + 1823 - 1813 - f**2 + 3*f. Give l(a).
-8
Suppose -3*j = 4*w + 573 - 541, -3*j = -5*w - 40. Let v(t) = 2*t + 9. Let h(q) = -3*q - 19. Let g(l) = -3*h(l) - 5*v(l). Give g(j).
12
Let g(k) = 5573*k**2 + 5545*k**2 - k - 11101*k**2 - 3. Calculate g(2).
63
Let c(d) be the second derivative of -5*d**3/6 - 51*d**2/2 - 8*d + 24. Determine c(-10).
-1
Let z(o) = -3*o + 25. Let y be z(7). Suppose 17 = y*m - 11. Let j(d) = -4*d + 65 - 2*d**3 + d**3 + 2*d**2 - 68 + m*d. Give j(2).
3
Let f(x) = -514*x - 511*x + 1535*x + 13 - 511*x. What is f(18)?
-5
Let x(f) = f**2 + 5*f + 5. Let k = -165 + 329. Let p = -256 + k. Let j = 88 + p. Calculate x(j).
1
Let j(v) = -2*v**2 - v + 1. Let l(b) = -12*b**2 + 3*b - 11. Let h(q) = 37*q**2 - 9*q + 31. Let y(x) = 4*h(x) + 11*l(x). Let k(n) = 3*j(n) - y(n). What is k(-1)?
-22
Let i(o) = 7 - 15 - 29*o - 28 + 31*o. Give i(22).
8
Let z(n) be the first derivative of 1/3*n**3 - 3*n**2 - 89 - 6*n. Calculate z(7).
1
Let l(o) = 8*o - 8. Let g(i) = 13*i - 13. Suppose 16 = -12*r - 80. Let t(n) = r*l(n) + 5*g(n). Calculate t(6).
5
Let t(u) = 6*u - 6*u - 2*u - 40 - 9*u + 9*u. Determine t(-10).
-20
Let j(h) = 3*h + 5. Let w(g) = 68*g - 4. Let i be w(1). Let l = i + -63. Let r(m) = m + 1. Let c(n) = l*j(n) - 4*r(n). Determine c(-5).
6
Let l(s) be the second derivative of -s**4/2 - s**3/6 - 2*s**2 - 660*s + 4. Determine l(-2).
-26
Let w(c) = 16*c**2 - 29*c - 5. Let a(v) = -7*v**2 + 17*v + 1. Let z(x) = 5*a(x) + 2*w(x). Determine z(9).
-5
Let c(h) = h**2 - 10*h + 2. Let v = 144 + -126. Let s be v/8*-2*4/(-2). What is c(s)?
-7
Suppose -4*t = l + 47 - 27, 0 = 2*l. Suppose -2*s = -8 + 2. Let w(v) = -2*v + 3 - s + 0 - 6. What is w(t)?
4
Let u(l) = 4 + 1140*l**3 + 292*l - 282*l - 1141*l**3. Calculate u(4).
-20
Let q(k) = -k**3 + 7*k**2 - 11*k + 18. Suppose 18*x - 168 = -42*x + 192. Give q(x).
-12
Let k(a) = 10*a**2 - a. Let o(d) = 7*d + 13. Let m be o(2). Suppose 5 = m*n - 22*n. Calculate k(n).
9
Let q(c) = 2*c**3 + 6*c**2 + 3*c. Let m = -3631 - -3628. Calculate q(m).
-9
Let u = -236 + 241. Suppose -6 - 7 = -w - 5*k, 3*k = -u*w + 21. Let h(f) = -f**3 + 3*f**2 + 2*f + 2. What is h(w)?
8
Let o(s) = -3*s